{"id":3910,"date":"2024-08-02T08:24:17","date_gmt":"2024-08-02T08:24:17","guid":{"rendered":"https:\/\/www.tensio-actifs.com\/datenschutzrichtlinie\/"},"modified":"2024-09-10T13:26:58","modified_gmt":"2024-09-10T13:26:58","slug":"datenschutzrichtlinie","status":"publish","type":"page","link":"https:\/\/www.tensio-actifs.com\/de\/datenschutzrichtlinie\/","title":{"rendered":"Datenschutzrichtlinie"},"content":{"rendered":"<p>[et_pb_section fb_built=&#8220;1&#8243; _builder_version=&#8220;4.25.1&#8243; _module_preset=&#8220;default&#8220; global_colors_info=&#8220;{}&#8220;][et_pb_row _builder_version=&#8220;4.25.1&#8243; _module_preset=&#8220;default&#8220; custom_padding=&#8220;||8px|||&#8220; global_colors_info=&#8220;{}&#8220;][et_pb_column type=&#8220;4_4&#8243; _builder_version=&#8220;4.25.1&#8243; _module_preset=&#8220;default&#8220; global_colors_info=&#8220;{}&#8220;][et_pb_text _builder_version=&#8220;4.25.1&#8243; _module_preset=&#8220;default&#8220; text_font=&#8220;Roboto|700|||||||&#8220; text_text_color=&#8220;#000000&#8243; text_font_size=&#8220;45px&#8220; custom_margin=&#8220;||28px|||&#8220; text_line_height_tablet=&#8220;&#8220; text_line_height_phone=&#8220;1.2em&#8220; text_line_height_last_edited=&#8220;on|phone&#8220; global_colors_info=&#8220;{}&#8220;]<\/p>\n<p>Datenschutzrichtlinie<\/p>\n<p>[\/et_pb_text][et_pb_text _builder_version=&#8220;4.25.1&#8243; _module_preset=&#8220;default&#8220; global_colors_info=&#8220;{}&#8220;]<\/p>\n<p><a href=\"tensio-actives.com\"><b>tensio-actives.com<\/b><\/a><b><br \/><\/b><b>Tensio-Aktiva<\/b><b><br \/><\/b><b>Art der Webseite: vitrine<\/b><\/p>\n<h3><b>Der Zweck dieser Datenschutzrichtlinie<\/b><\/h3>\n<p><span style=\"font-weight: 400;\">Der Zweck dieser Datenschutzrichtlinie ist es, die Nutzer unserer Website \u00fcber die pers\u00f6nlichen Daten zu informieren, die wir sammeln, sowie die folgenden Informationen, falls zutreffend:<\/span><\/p>\n<ol>\n<li><span style=\"font-weight: 400;\">  Die pers\u00f6nlichen Daten, die wir sammeln werden<\/span><span style=\"font-weight: 400;\"><br \/><\/span><span style=\"font-weight: 400;\">b.<br \/>\nDie Verwendung der gesammelten Daten <\/span><span style=\"font-weight: 400;\"><br \/><\/span><span style=\"font-weight: 400;\">c.<br \/>\nWer hat Zugang zu den gesammelten Daten <\/span><span style=\"font-weight: 400;\"><br \/><\/span><span style=\"font-weight: 400;\">d.<br \/>\nDie Rechte der Nutzer der Website <\/span><span style=\"font-weight: 400;\"><br \/><\/span><span style=\"font-weight: 400;\">e.<br \/>\nDie Cookie-Richtlinie der Website <\/span><\/li>\n<\/ol>\n<p><span style=\"font-weight: 400;\">Diese Datenschutzrichtlinie gilt parallel zu den Allgemeinen Gesch\u00e4ftsbedingungen f\u00fcr die Nutzung unserer Website.<\/span><\/p>\n<h3><b><\/b><\/h3>\n<h3><b>Anwendbare Gesetze<\/b><\/h3>\n<p><span style=\"font-weight: 400;\">In \u00dcbereinstimmung mit der <\/span><b>Allgemeine Datenschutzverordnung (DSGVO)<\/b><span style=\"font-weight: 400;\">Diese Datenschutzrichtlinie steht im Einklang mit den folgenden Bestimmungen.<br \/>\nPers\u00f6nliche Daten m\u00fcssen : <\/span><\/p>\n<ol>\n<li><span style=\"font-weight: 400;\">  auf rechtm\u00e4\u00dfige, loyale und transparente Weise im Hinblick auf die betroffene Person verarbeitet werden (Rechtm\u00e4\u00dfigkeit, Loyalit\u00e4t, Transparenz);<\/span><span style=\"font-weight: 400;\"><br \/><\/span><span style=\"font-weight: 400;\">b.<br \/>\nf\u00fcr festgelegte, eindeutige und rechtm\u00e4\u00dfige Zwecke gesammelt und nicht in einer mit diesen Zwecken unvereinbaren Weise weiterverarbeitet werden; <\/span><span style=\"font-weight: 400;\"><br \/><\/span><span style=\"font-weight: 400;\">c.<br \/>\n(1) Die Daten werden nur dann verarbeitet, wenn sie dem Zweck entsprechen, f\u00fcr den sie verarbeitet werden, relevant sind und auf das notwendige Ma\u00df beschr\u00e4nkt sind (Datenminimierung); <\/span><span style=\"font-weight: 400;\"><br \/><\/span><span style=\"font-weight: 400;\">d.<br \/>\nEs m\u00fcssen alle angemessenen Ma\u00dfnahmen ergriffen werden, damit personenbezogene Daten, die in Bezug auf die Zwecke, f\u00fcr die sie verarbeitet werden, unrichtig sind, unverz\u00fcglich gel\u00f6scht oder berichtigt werden (Richtigkeit); <\/span><span style=\"font-weight: 400;\"><br \/><\/span><span style=\"font-weight: 400;\">e.<br \/>\nin einer Form aufbewahrt werden, die die Identifizierung der betroffenen Personen erm\u00f6glicht, und zwar nicht l\u00e4nger, als es f\u00fcr die Zwecke, f\u00fcr die sie verarbeitet werden, erforderlich ist; <\/span><span style=\"font-weight: 400;\"><br \/><\/span><span style=\"font-weight: 400;\">f.<br \/>\nso verarbeitet werden, dass eine angemessene Sicherheit der personenbezogenen Daten gew\u00e4hrleistet ist, einschlie\u00dflich des Schutzes vor unbefugter oder unrechtm\u00e4\u00dfiger Verarbeitung und vor Verlust, Zerst\u00f6rung oder zuf\u00e4lligem Schaden durch geeignete technische oder organisatorische Ma\u00dfnahmen (Integrit\u00e4t und Vertraulichkeit). <\/span><\/li>\n<\/ol>\n<p><span style=\"font-weight: 400;\">Die Verarbeitung ist nur rechtm\u00e4\u00dfig, wenn und soweit mindestens eine der folgenden Bedingungen erf\u00fcllt ist:<\/span><\/p>\n<ol>\n<li><span style=\"font-weight: 400;\">  Die betroffene Person hat der Verarbeitung ihrer personenbezogenen Daten f\u00fcr einen oder mehrere spezifische Zwecke zugestimmt;<\/span><span style=\"font-weight: 400;\"><br \/><\/span><span style=\"font-weight: 400;\">b.<br \/>\nDie Verarbeitung ist f\u00fcr die Erf\u00fcllung eines Vertrags, dessen Vertragspartei die betroffene Person ist, oder f\u00fcr die Durchf\u00fchrung vorvertraglicher Ma\u00dfnahmen erforderlich, die auf Antrag der betroffenen Person erfolgen; <\/span><span style=\"font-weight: 400;\"><br \/><\/span><span style=\"font-weight: 400;\">c.<br \/>\nDie Verarbeitung ist f\u00fcr die Erf\u00fcllung einer rechtlichen Verpflichtung erforderlich, der der f\u00fcr die Verarbeitung Verantwortliche unterliegt; <\/span><span style=\"font-weight: 400;\"><br \/><\/span><span style=\"font-weight: 400;\">d.<br \/>\nDie Verarbeitung ist f\u00fcr die Wahrung lebenswichtiger Interessen der betroffenen Person oder einer anderen nat\u00fcrlichen Person erforderlich; <\/span><span style=\"font-weight: 400;\"><br \/><\/span><span style=\"font-weight: 400;\">e.<br \/>\nDie Verarbeitung ist f\u00fcr die Wahrnehmung einer Aufgabe erforderlich, die im \u00f6ffentlichen Interesse liegt oder in Aus\u00fcbung \u00f6ffentlicher Gewalt erfolgt, die dem f\u00fcr die Verarbeitung Verantwortlichen \u00fcbertragen wurde; <\/span><span style=\"font-weight: 400;\"><br \/><\/span><span style=\"font-weight: 400;\">f.<br \/>\nDie Verarbeitung ist notwendig f\u00fcr die legitimen Interessen, die von dem f\u00fcr die Verarbeitung Verantwortlichen oder einem Dritten verfolgt werden. <\/span><\/li>\n<\/ol>\n<h3><b>Zustimmung<\/b><\/h3>\n<p><span style=\"font-weight: 400;\">Die Nutzer erkl\u00e4ren sich damit einverstanden, dass sie durch die Nutzung unserer Website :<\/span><\/p>\n<ol>\n<li><span style=\"font-weight: 400;\">  die Bedingungen, die in dieser Datenschutzrichtlinie dargelegt sind, und<\/span><span style=\"font-weight: 400;\"><br \/><\/span><span style=\"font-weight: 400;\">b.<br \/>\ndie Sammlung, Verwendung und Aufbewahrung der in dieser Richtlinie aufgef\u00fchrten Daten. <\/span><\/li>\n<\/ol>\n<h3><b>Pers\u00f6nliche Daten, die wir sammeln<\/b><\/h3>\n<p><span style=\"font-weight: 400;\">Wir sammeln, speichern und verwenden keine Benutzerdaten auf unserer Website.<br \/>\nWenn wir Ihre Daten sammeln m\u00fcssen, werden wir Sie \u00fcber diese Datenerhebung informieren. <\/span><b><\/b><\/p>\n<h3><b>\u00c4nderungen<\/b><\/h3>\n<p><span style=\"font-weight: 400;\">Diese Datenschutzrichtlinie kann von Zeit zu Zeit ge\u00e4ndert werden, um die Einhaltung der Gesetze zu gew\u00e4hrleisten und um \u00c4nderungen in unserem Datenerfassungsprozess zu ber\u00fccksichtigen.<br \/>\nWir empfehlen unseren Nutzern, unsere Richtlinien von Zeit zu Zeit zu \u00fcberpr\u00fcfen, um sicherzustellen, dass sie \u00fcber alle Aktualisierungen informiert sind.<br \/>\nBei Bedarf k\u00f6nnen wir die Nutzer per E-Mail \u00fcber \u00c4nderungen an dieser Richtlinie informieren.  <\/span><\/p>\n<h3><b>Kontakt<\/b><\/h3>\n<p><span style=\"font-weight: 400;\">Wenn Sie Fragen an uns haben, z\u00f6gern Sie bitte nicht, uns wie folgt zu kontaktieren:<\/span><\/p>\n<p><a href=\"mailto:contact@tensio-actifs.com\"><b>contact@tensio-actifs.com<\/b><\/a><b><br \/><\/b><span style=\"font-weight: 400;\">7 rue Edison, 69500 Bron<\/span><\/p>\n<p>&nbsp;<\/p>\n<p>&nbsp;<\/p>\n<p>[\/et_pb_text][et_pb_text admin_label=&#8220;Texte&#8220; _builder_version=&#8220;4.25.1&#8243; _module_preset=&#8220;default&#8220; text_font=&#8220;Arial||||||||&#8220; text_text_color=&#8220;#000000&#8243; global_colors_info=&#8220;{}&#8220;][\/et_pb_text][\/et_pb_column][\/et_pb_row][\/et_pb_section]<\/p>\n","protected":false},"excerpt":{"rendered":"<p>Datenschutzrichtlinietensio-actives.comTensio-AktivaArt der Webseite: vitrine Der Zweck dieser Datenschutzrichtlinie Der Zweck dieser Datenschutzrichtlinie ist es, die Nutzer unserer Website \u00fcber die pers\u00f6nlichen Daten zu informieren, die wir sammeln, sowie die folgenden Informationen, falls zutreffend: Die pers\u00f6nlichen Daten, die wir sammeln werdenb. Die Verwendung der gesammelten Daten c. Wer hat Zugang zu den gesammelten Daten d. Die Rechte der Nutzer der Website e. Die Cookie-Richtlinie der Website Diese Datenschutzrichtlinie gilt parallel zu den Allgemeinen Gesch\u00e4ftsbedingungen f\u00fcr die Nutzung unserer Website. Anwendbare Gesetze In \u00dcbereinstimmung mit der Allgemeine Datenschutzverordnung (DSGVO)Diese Datenschutzrichtlinie steht im Einklang mit den folgenden Bestimmungen. Pers\u00f6nliche Daten m\u00fcssen : auf rechtm\u00e4\u00dfige, loyale und transparente Weise im Hinblick auf die betroffene Person verarbeitet werden (Rechtm\u00e4\u00dfigkeit, Loyalit\u00e4t, Transparenz);b. f\u00fcr festgelegte, eindeutige und rechtm\u00e4\u00dfige Zwecke gesammelt und nicht in einer mit diesen Zwecken unvereinbaren Weise weiterverarbeitet werden; c. (1) Die Daten werden nur dann verarbeitet, wenn sie dem Zweck entsprechen, f\u00fcr den sie verarbeitet werden, relevant sind und auf das notwendige Ma\u00df beschr\u00e4nkt sind (Datenminimierung); d. Es m\u00fcssen alle angemessenen Ma\u00dfnahmen ergriffen werden, damit personenbezogene Daten, die in Bezug auf die Zwecke, f\u00fcr die sie verarbeitet werden, unrichtig sind, unverz\u00fcglich gel\u00f6scht oder berichtigt werden (Richtigkeit); e. in einer Form aufbewahrt werden, die die [&hellip;]<\/p>\n","protected":false},"author":7,"featured_media":0,"parent":0,"menu_order":0,"comment_status":"closed","ping_status":"closed","template":"","meta":{"_seopress_robots_primary_cat":"","_seopress_titles_title":"","_seopress_titles_desc":"","_seopress_robots_index":"","_et_pb_use_builder":"on","_et_pb_old_content":"","_et_gb_content_width":"","inline_featured_image":false,"footnotes":"","_links_to":"","_links_to_target":""},"class_list":["post-3910","page","type-page","status-publish","hentry"],"_links":{"self":[{"href":"https:\/\/www.tensio-actifs.com\/de\/wp-json\/wp\/v2\/pages\/3910","targetHints":{"allow":["GET"]}}],"collection":[{"href":"https:\/\/www.tensio-actifs.com\/de\/wp-json\/wp\/v2\/pages"}],"about":[{"href":"https:\/\/www.tensio-actifs.com\/de\/wp-json\/wp\/v2\/types\/page"}],"author":[{"embeddable":true,"href":"https:\/\/www.tensio-actifs.com\/de\/wp-json\/wp\/v2\/users\/7"}],"replies":[{"embeddable":true,"href":"https:\/\/www.tensio-actifs.com\/de\/wp-json\/wp\/v2\/comments?post=3910"}],"version-history":[{"count":2,"href":"https:\/\/www.tensio-actifs.com\/de\/wp-json\/wp\/v2\/pages\/3910\/revisions"}],"predecessor-version":[{"id":3912,"href":"https:\/\/www.tensio-actifs.com\/de\/wp-json\/wp\/v2\/pages\/3910\/revisions\/3912"}],"wp:attachment":[{"href":"https:\/\/www.tensio-actifs.com\/de\/wp-json\/wp\/v2\/media?parent=3910"}],"curies":[{"name":"wp","href":"https:\/\/api.w.org\/{rel}","templated":true}]}}

<p>[et_pb_section fb_built=&#8220;1&#8243; _builder_version=&#8220;4.25.1&#8243; _module_preset=&#8220;default&#8220; global_colors_info=&#8220;{}&#8220;][et_pb_row _builder_version=&#8220;4.25.1&#8243; _module_preset=&#8220;default&#8220; custom_padding=&#8220;||8px|||&#8220; global_colors_info=&#8220;{}&#8220;][et_pb_column type=&#8220;4_4&#8243; _builder_version=&#8220;4.25.1&#8243; _module_preset=&#8220;default&#8220; global_colors_info=&#8220;{}&#8220;][et_pb_text _builder_version=&#8220;4.25.1&#8243; _module_preset=&#8220;default&#8220; text_font=&#8220;Roboto|700|||||||&#8220; text_text_color=&#8220;#000000&#8243; text_font_size=&#8220;45px&#8220; custom_margin=&#8220;||28px|||&#8220; text_line_height_tablet=&#8220;&#8220; text_line_height_phone=&#8220;1.2em&#8220; text_line_height_last_edited=&#8220;on|phone&#8220; global_colors_info=&#8220;{}&#8220;]</p>
<p>Datenschutzrichtlinie</p>
<p>[/et_pb_text][et_pb_text _builder_version=&#8220;4.25.1&#8243; _module_preset=&#8220;default&#8220; global_colors_info=&#8220;{}&#8220;]</p>
<p><a href="tensio-actives.com"><b>tensio-actives.com</b></a><b><br /></b><b>Tensio-Aktiva</b><b><br /></b><b>Art der Webseite: vitrine</b></p>
<h3><b>Der Zweck dieser Datenschutzrichtlinie</b></h3>
<p><span style="font-weight: 400;">Der Zweck dieser Datenschutzrichtlinie ist es, die Nutzer unserer Website über die persönlichen Daten zu informieren, die wir sammeln, sowie die folgenden Informationen, falls zutreffend:</span></p>
<ol>
<li><span style="font-weight: 400;">  Die persönlichen Daten, die wir sammeln werden</span><span style="font-weight: 400;"><br /></span><span style="font-weight: 400;">b.<br />
Die Verwendung der gesammelten Daten </span><span style="font-weight: 400;"><br /></span><span style="font-weight: 400;">c.<br />
Wer hat Zugang zu den gesammelten Daten </span><span style="font-weight: 400;"><br /></span><span style="font-weight: 400;">d.<br />
Die Rechte der Nutzer der Website </span><span style="font-weight: 400;"><br /></span><span style="font-weight: 400;">e.<br />
Die Cookie-Richtlinie der Website </span></li>
</ol>
<p><span style="font-weight: 400;">Diese Datenschutzrichtlinie gilt parallel zu den Allgemeinen Geschäftsbedingungen für die Nutzung unserer Website.</span></p>
<h3><b></b></h3>
<h3><b>Anwendbare Gesetze</b></h3>
<p><span style="font-weight: 400;">In Übereinstimmung mit der </span><b>Allgemeine Datenschutzverordnung (DSGVO)</b><span style="font-weight: 400;">Diese Datenschutzrichtlinie steht im Einklang mit den folgenden Bestimmungen.<br />
Persönliche Daten müssen : </span></p>
<ol>
<li><span style="font-weight: 400;">  auf rechtmäßige, loyale und transparente Weise im Hinblick auf die betroffene Person verarbeitet werden (Rechtmäßigkeit, Loyalität, Transparenz);</span><span style="font-weight: 400;"><br /></span><span style="font-weight: 400;">b.<br />
für festgelegte, eindeutige und rechtmäßige Zwecke gesammelt und nicht in einer mit diesen Zwecken unvereinbaren Weise weiterverarbeitet werden; </span><span style="font-weight: 400;"><br /></span><span style="font-weight: 400;">c.<br />
(1) Die Daten werden nur dann verarbeitet, wenn sie dem Zweck entsprechen, für den sie verarbeitet werden, relevant sind und auf das notwendige Maß beschränkt sind (Datenminimierung); </span><span style="font-weight: 400;"><br /></span><span style="font-weight: 400;">d.<br />
Es müssen alle angemessenen Maßnahmen ergriffen werden, damit personenbezogene Daten, die in Bezug auf die Zwecke, für die sie verarbeitet werden, unrichtig sind, unverzüglich gelöscht oder berichtigt werden (Richtigkeit); </span><span style="font-weight: 400;"><br /></span><span style="font-weight: 400;">e.<br />
in einer Form aufbewahrt werden, die die Identifizierung der betroffenen Personen ermöglicht, und zwar nicht länger, als es für die Zwecke, für die sie verarbeitet werden, erforderlich ist; </span><span style="font-weight: 400;"><br /></span><span style="font-weight: 400;">f.<br />
so verarbeitet werden, dass eine angemessene Sicherheit der personenbezogenen Daten gewährleistet ist, einschließlich des Schutzes vor unbefugter oder unrechtmäßiger Verarbeitung und vor Verlust, Zerstörung oder zufälligem Schaden durch geeignete technische oder organisatorische Maßnahmen (Integrität und Vertraulichkeit). </span></li>
</ol>
<p><span style="font-weight: 400;">Die Verarbeitung ist nur rechtmäßig, wenn und soweit mindestens eine der folgenden Bedingungen erfüllt ist:</span></p>
<ol>
<li><span style="font-weight: 400;">  Die betroffene Person hat der Verarbeitung ihrer personenbezogenen Daten für einen oder mehrere spezifische Zwecke zugestimmt;</span><span style="font-weight: 400;"><br /></span><span style="font-weight: 400;">b.<br />
Die Verarbeitung ist für die Erfüllung eines Vertrags, dessen Vertragspartei die betroffene Person ist, oder für die Durchführung vorvertraglicher Maßnahmen erforderlich, die auf Antrag der betroffenen Person erfolgen; </span><span style="font-weight: 400;"><br /></span><span style="font-weight: 400;">c.<br />
Die Verarbeitung ist für die Erfüllung einer rechtlichen Verpflichtung erforderlich, der der für die Verarbeitung Verantwortliche unterliegt; </span><span style="font-weight: 400;"><br /></span><span style="font-weight: 400;">d.<br />
Die Verarbeitung ist für die Wahrung lebenswichtiger Interessen der betroffenen Person oder einer anderen natürlichen Person erforderlich; </span><span style="font-weight: 400;"><br /></span><span style="font-weight: 400;">e.<br />
Die Verarbeitung ist für die Wahrnehmung einer Aufgabe erforderlich, die im öffentlichen Interesse liegt oder in Ausübung öffentlicher Gewalt erfolgt, die dem für die Verarbeitung Verantwortlichen übertragen wurde; </span><span style="font-weight: 400;"><br /></span><span style="font-weight: 400;">f.<br />
Die Verarbeitung ist notwendig für die legitimen Interessen, die von dem für die Verarbeitung Verantwortlichen oder einem Dritten verfolgt werden. </span></li>
</ol>
<h3><b>Zustimmung</b></h3>
<p><span style="font-weight: 400;">Die Nutzer erklären sich damit einverstanden, dass sie durch die Nutzung unserer Website :</span></p>
<ol>
<li><span style="font-weight: 400;">  die Bedingungen, die in dieser Datenschutzrichtlinie dargelegt sind, und</span><span style="font-weight: 400;"><br /></span><span style="font-weight: 400;">b.<br />
die Sammlung, Verwendung und Aufbewahrung der in dieser Richtlinie aufgeführten Daten. </span></li>
</ol>
<h3><b>Persönliche Daten, die wir sammeln</b></h3>
<p><span style="font-weight: 400;">Wir sammeln, speichern und verwenden keine Benutzerdaten auf unserer Website.<br />
Wenn wir Ihre Daten sammeln müssen, werden wir Sie über diese Datenerhebung informieren. </span><b></b></p>
<h3><b>Änderungen</b></h3>
<p><span style="font-weight: 400;">Diese Datenschutzrichtlinie kann von Zeit zu Zeit geändert werden, um die Einhaltung der Gesetze zu gewährleisten und um Änderungen in unserem Datenerfassungsprozess zu berücksichtigen.<br />
Wir empfehlen unseren Nutzern, unsere Richtlinien von Zeit zu Zeit zu überprüfen, um sicherzustellen, dass sie über alle Aktualisierungen informiert sind.<br />
Bei Bedarf können wir die Nutzer per E-Mail über Änderungen an dieser Richtlinie informieren.  </span></p>
<h3><b>Kontakt</b></h3>
<p><span style="font-weight: 400;">Wenn Sie Fragen an uns haben, zögern Sie bitte nicht, uns wie folgt zu kontaktieren:</span></p>
<p><a href="mailto:contact@tensio-actifs.com"><b>contact@tensio-actifs.com</b></a><b><br /></b><span style="font-weight: 400;">7 rue Edison, 69500 Bron</span></p>
<p>&nbsp;</p>
<p>&nbsp;</p>
<p>[/et_pb_text][et_pb_text admin_label=&#8220;Texte&#8220; _builder_version=&#8220;4.25.1&#8243; _module_preset=&#8220;default&#8220; text_font=&#8220;Arial||||||||&#8220; text_text_color=&#8220;#000000&#8243; global_colors_info=&#8220;{}&#8220;][/et_pb_text][/et_pb_column][/et_pb_row][/et_pb_section]</p>

<p>Datenschutzrichtlinietensio-actives.comTensio-AktivaArt der Webseite: vitrine Der Zweck dieser Datenschutzrichtlinie Der Zweck dieser Datenschutzrichtlinie ist es, die Nutzer unserer Website über die persönlichen Daten zu informieren, die wir sammeln, sowie die folgenden Informationen, falls zutreffend: Die persönlichen Daten, die wir sammeln werdenb. Die Verwendung der gesammelten Daten c. Wer hat Zugang zu den gesammelten Daten d. Die Rechte der Nutzer der Website e. Die Cookie-Richtlinie der Website Diese Datenschutzrichtlinie gilt parallel zu den Allgemeinen Geschäftsbedingungen für die Nutzung unserer Website. Anwendbare Gesetze In Übereinstimmung mit der Allgemeine Datenschutzverordnung (DSGVO)Diese Datenschutzrichtlinie steht im Einklang mit den folgenden Bestimmungen. Persönliche Daten müssen : auf rechtmäßige, loyale und transparente Weise im Hinblick auf die betroffene Person verarbeitet werden (Rechtmäßigkeit, Loyalität, Transparenz);b. für festgelegte, eindeutige und rechtmäßige Zwecke gesammelt und nicht in einer mit diesen Zwecken unvereinbaren Weise weiterverarbeitet werden; c. (1) Die Daten werden nur dann verarbeitet, wenn sie dem Zweck entsprechen, für den sie verarbeitet werden, relevant sind und auf das notwendige Maß beschränkt sind (Datenminimierung); d. Es müssen alle angemessenen Maßnahmen ergriffen werden, damit personenbezogene Daten, die in Bezug auf die Zwecke, für die sie verarbeitet werden, unrichtig sind, unverzüglich gelöscht oder berichtigt werden (Richtigkeit); e. in einer Form aufbewahrt werden, die die [&hellip;]</p>
